common divisor of 5424 and 24634.
226
Calculate the highest common divisor of 19613 and 1421051.
1783
Calculate the greatest common divisor of 198 and 242418.
66
Calculate the highest common divisor of 26508 and 33.
3
What is the highest common divisor of 206 and 5459?
103
What is the greatest common factor of 985 and 495?
5
Calculate the greatest common divisor of 77971 and 9841.
757
Calculate the highest common factor of 75 and 144660.
15
What is the highest common factor of 1325 and 19300?
25
What is the greatest common divisor of 12245 and 130745?
395
Calculate the greatest common divisor of 65 and 5629.
13
Calculate the highest common divisor of 8019 and 17064.
27
Calculate the highest common divisor of 53830 and 42.
14
Calculate the highest common divisor of 170745 and 135.
15
What is the greatest common factor of 2831 and 99830?
149
What is the highest common divisor of 1740 and 3540?
60
What is the greatest common divisor of 321138 and 36?
18
Calculate the greatest common divisor of 291 and 9057.
3
Calculate the highest common factor of 4549 and 5.
1
Calculate the greatest common divisor of 18624 and 39188.
388
What is the highest common factor of 35688 and 20?
4
Calculate the highest common divisor of 774 and 646.
2
What is the highest common divisor of 8625103 and 34?
17
What is the greatest common divisor of 216 and 13257?
27
What is the highest common factor of 101 and 498233?
101
What is the highest common factor of 43316 and 1960?
196
What is the highest common divisor of 7707 and 336?
21
Calculate the greatest common factor of 259782 and 87.
87
Calculate the greatest common factor of 210006 and 81.
27
Calculate the greatest common divisor of 233057 and 11.
11
What is the greatest common divisor of 2771416 and 760?
152
What is the highest common factor of 181944 and 16?
8
Calculate the greatest common factor of 2316 and 432.
12
What is the highest common divisor of 9772 and 84?
28
What is the greatest common divisor of 354 and 12272?
118
What is the highest common factor of 731 and 1849?
43
Calculate the highest common divisor of 556 and 1243355.
139
What is the highest common factor of 16 and 24632?
8
Calculate the greatest common divisor of 73070 and 40.
10
What is the highest common factor of 559 and 344?
43
What is the highest common factor of 24696 and 637?
49
Calculate the highest common divisor of 3069 and 1953.
279
What is the highest common divisor of 827 and 76911?
827
Calculate the greatest common factor of 30083 and 268.
67
Calculate the greatest common factor of 131401 and 1212.
101
Calculate the highest common divisor of 1231211 and 142.
71
Calculate the highest common divisor of 454068 and 180.
36
What is the highest common factor of 102 and 1002?
6
Calculate the greatest common factor of 6350 and 943610.
1270
Calculate the greatest common divisor of 5675 and 1591270.
1135
What is the highest common factor of 129676 and 51?
17
What is the greatest common divisor of 1577805 and 2637?
879
What is the greatest common factor of 404941 and 1?
1
What is the greatest common factor of 259 and 7585?
37
What is the highest common factor of 8 and 815256?
8
What is the greatest common divisor of 225396 and 297?
27
What is the greatest common divisor of 3277 and 638?
29
Calculate the greatest common factor of 450 and 5382.
18
What is the greatest common factor of 145872 and 5065?
1013
What is the highest common factor of 48 and 5705544?
24
What is the greatest common divisor of 345756 and 12?
12
What is the highest common factor of 9020 and 13284?
164
Calculate the highest common factor of 33 and 704297.
11
Calculate the greatest common factor of 56944 and 2.
2
What is the greatest common divisor of 173056 and 1508?
52
What is the greatest common divisor of 1733798 and 88?
22
Calculate the highest common divisor of 111 and 1679467.
37
Calculate the highest common divisor of 1664 and 178672.
208
What is the greatest common divisor of 108 and 1010304?
36
Calculate the highest common factor of 163170 and 180.
90
What is the highest common factor of 780 and 91780?
260
What is the highest common divisor of 1020 and 35220?
60
What is the highest common divisor of 1640 and 1282070?
410
What is the greatest common factor of 1 and 12575?
1
What is the greatest common factor of 683816 and 112?
56
What is the highest common divisor of 9465 and 270?
15
What is the greatest common factor of 5356 and 676?
52
What is the greatest common divisor of 777 and 8732?
37
What is the highest common factor of 3711 and 2971274?
1237
What is the greatest common factor of 536 and 41071?
67
What is the highest common factor of 166176 and 48?
48
Calculate the highest common divisor of 467203 and 308.
11
What is the greatest common divisor of 17130 and 270?
30
What is the highest common divisor of 18239 and 131859?
299
What is the highest common factor of 40 and 171560?
40
What is the highest common divisor of 176 and 5027?
11
Calculate the highest common factor of 120 and 210.
30
What is the greatest common divisor of 2809590 and 2380?
1190
Calculate the greatest common divisor of 69944 and 56.
56
Calculate the greatest common factor of 1155 and 17809.
11
Calculate the greatest common factor of 6084 and 3852.
36
What is the greatest common factor of 1225 and 225?
25
Calculate the greatest common factor of 821250 and 1750.
250
Calculate the highest common factor of 25661 and 49024.
383
Calculate the highest common divisor of 5697 and 54.
27
Calculate the highest common divisor of 1253749 and 14.
7
What is the highest common divisor of 312662 and 322?
322
What is the greatest common factor of 445965 and 390?
195
Calculate the highest common divisor of 255 and 7485.
15
Calculate the highest common factor of 120 and 253368.
24
Calculate the greatest common factor of 404 and 28583.
101
Calculate the greatest common factor of 161907 and 87.
87
What is the greatest common factor of 18146 and 55282?
422
Calculate the greatest common factor of 21535 and 29565.
365
Calculate the highest common factor of 440 and 122980.
220
Calculate the greatest common factor of 218 and 401992.
218
Calculate the greatest common divisor of 11432 and 416.
8
Calculate the greatest common factor of 2355 and 69865.
785
Calculate the greatest common divisor of 23454 and 8982.
18
Calculate the greatest common divisor of 330795 and 45.
45
What is the greatest common divisor of 64 and 497552?
16
Calculate the greatest common divisor of 139 and 5875669.
139
Calculate the highest common divisor of 48 and 129936.
48
Calculate the greatest common factor of 4978 and 55138.
38
Calculate the highest common factor of 1386 and 7238.
154
Calculate the greatest common divisor of 675 and 235620.
45
Calculate the greatest common divisor of 56 and 1939.
7
What is the highest common divisor of 3220 and 448?
28
What is the highest common divisor of 1731 and 8?
1
What is the highest common factor of 3472250 and 86?
86
What is the highest common divisor of 81 and 326889?
27
What is the highest common divisor of 225834 and 154?
14
Calculate the greatest common factor of 28 and 9532.
4
Calculate the highest common divisor of 11175 and 1500.
75
What is the greatest common divisor of 76386 and 6?
6
Calculate the highest common factor of 2027471 and 34.
17
Calculate the highest common factor of 756 and 59184.
108
What is the highest common factor of 92 and 261878?
46
What is the greatest common factor of 43218 and 162?
18
What is the greatest common divisor of 720 and 103280?
80
Calculate the highest common factor of 799 and 48128.
47
Calculate the highest common factor of 7917 and 819.
273
Calculate the highest common divisor of 6909 and 423.
141
What is the greatest common factor of 84 and 6828?
12
Calculate the highest common factor of 236 and 144432.
236
What is the highest common factor of 20322 and 90?
18
Calculate the greatest common divisor of 43 and 236801.
43
Calculate the highest common factor of 932053 and 127.
127
Calculate the greatest common factor of 4514 and 2294.
74
Calculate the highest common factor of 356 and 1446250.
178
What is the highest common factor of 68 and 38573?
17
Calculate the highest common divisor of 3895 and 75.
5
Calculate the highest common divisor of 28782 and 52.
26
Wha